ivided by 64491?
5
What is the remainder when 908282 is divided by 302507?
761
What is the remainder when 2755656 is divided by 7?
1
What is the remainder when 8995 is divided by 3815?
1365
What is the remainder when 7313156 is divided by 186?
8
What is the remainder when 86126 is divided by 2548?
2042
Calculate the remainder when 3236368 is divided by 24.
16
Calculate the remainder when 1614551 is divided by 84971.
102
Calculate the remainder when 4776414 is divided by 59.
10
Calculate the remainder when 7280540 is divided by 213.
200
Calculate the remainder when 2698620 is divided by 383.
2
Calculate the remainder when 46198788 is divided by 386.
378
Calculate the remainder when 336874 is divided by 8216.
18
Calculate the remainder when 563329 is divided by 16902.
5563
Calculate the remainder when 35561734 is divided by 37.
35
What is the remainder when 612556 is divided by 2639?
308
What is the remainder when 932617 is divided by 909?
892
Calculate the remainder when 367596 is divided by 4589.
476
Calculate the remainder when 103637 is divided by 117.
92
Calculate the remainder when 30623 is divided by 30536.
87
What is the remainder when 2273121 is divided by 68875?
246
What is the remainder when 2508954 is divided by 54542?
22
Calculate the remainder when 44982781 is divided by 616.
613
What is the remainder when 1993769 is divided by 564?
29
Calculate the remainder when 271891 is divided by 135940.
11
What is the remainder when 69284209 is divided by 455?
449
Calculate the remainder when 435258 is divided by 7.
5
Calculate the remainder when 11967507 is divided by 28699.
24
Calculate the remainder when 4456266 is divided by 2957.
67
Calculate the remainder when 2716582 is divided by 1333.
1261
What is the remainder when 10002824 is divided by 17767?
3
Calculate the remainder when 593534 is divided by 148380.
14
Calculate the remainder when 5089192 is divided by 2367.
142
What is the remainder when 157720 is divided by 107?
2
Calculate the remainder when 2445918 is divided by 66.
24
Calculate the remainder when 5764042 is divided by 3092.
554
What is the remainder when 532731 is divided by 5122?
43
What is the remainder when 4554785 is divided by 11192?
10833
What is the remainder when 3211101 is divided by 24?
21
Calculate the remainder when 1278024 is divided by 34.
32
Calculate the remainder when 223377 is divided by 31895.
112
What is the remainder when 1054435 is divided by 38963?
2434
Calculate the remainder when 9220490 is divided by 21.
20
Calculate the remainder when 5318824 is divided by 531870.
124
Calculate the remainder when 63199 is divided by 506.
455
Calculate the remainder when 4827696 is divided by 33.
27
Calculate the remainder when 1062663 is divided by 676.
667
What is the remainder when 1934 is divided by 1179?
755
What is the remainder when 48942 is divided by 46434?
2508
Calculate the remainder when 163465722 is divided by 258.
18
Calculate the remainder when 15781083 is divided by 1209.
6
What is the remainder when 289340 is divided by 48185?
230
What is the remainder when 85275200 is divided by 6929?
6926
Calculate the remainder when 146511 is divided by 37.
28
Calculate the remainder when 12071019 is divided by 294.
261
Calculate the remainder when 6264281 is divided by 3132128.
25
Calculate the remainder when 122545 is divided by 685.
615
What is the remainder when 7699685 is divided by 3849819?
47
What is the remainder when 9275472 is divided by 49?
17
Calculate the remainder when 3733472 is divided by 186673.
12
Calculate the remainder when 3347656 is divided by 7.
4
Calculate the remainder when 379613 is divided by 375.
113
Calculate the remainder when 161829 is divided by 80851.
127
What is the remainder when 3443783 is divided by 226?
221
What is the remainder when 34032 is divided by 4195?
472
Calculate the remainder when 602235 is divided by 6496.
4603
What is the remainder when 21005 is divided by 18864?
2141
Calculate the remainder when 16805283 is divided by 3850.
33
Calculate the remainder when 70972 is divided by 13526.
3342
Calculate the remainder when 8092833 is divided by 425.
408
Calculate the remainder when 1252354 is divided by 351.
337
Calculate the remainder when 129942 is divided by 7620.
402
Calculate the remainder when 178135 is divided by 873.
43
What is the remainder when 120188637 is divided by 80?
77
Calculate the remainder when 68142449 is divided by 2620862.
37
What is the remainder when 2834371 is divided by 11616?
67
What is the remainder when 52794 is divided by 6241?
2866
What is the remainder when 262239 is divided by 2064?
111
Calculate the remainder when 23696138 is divided by 11854.
11846
Calculate the remainder when 84848 is divided by 1212.
8
Calculate the remainder when 15797073 is divided by 923.
851
What is the remainder when 204734 is divided by 29198?
348
Calculate the remainder when 274495 is divided by 18.
13
What is the remainder when 1622521 is divided by 217?
12
What is the remainder when 5789164 is divided by 136?
52
What is the remainder when 2060537 is divided by 403?
401
Calculate the remainder when 12530324 is divided by 77828.
16
Calculate the remainder when 1800310 is divided by 360024.
190
Calculate the remainder when 925669 is divided by 1160.
1149
Calculate the remainder when 152981 is divided by 1632.
1205
Calculate the remainder when 960799 is divided by 25967.
20
Calculate the remainder when 58951 is divided by 617.
336
What is the remainder when 2540649 is divided by 87?
75
What is the remainder when 61664 is divided by 1291?
987
Calculate the remainder when 81213 is divided by 20253.
201
What is the remainder when 9237215 is divided by 11?
9
Calculate the remainder when 2634863 is divided by 944.
159
What is the remainder when 13541845 is divided by 945?
940
What is the remainder when 200337 is divided by 1453?
1276
Calculate the remainder when 150504758 is divided by 4125.
8
Calculate the remainder when 1456932 is divided by 5416.
28
Calculate the remainder when 3677201 is divided by 1687.
1228
Calculate the remainder when 1054565 is divided by 81.
26
What is the remainder when 35494 is divided by 32113?
3381
What is the remainder when 417505 is divided by 53?
24
Calculate the remainder when 7396188 is divided by 20488.
20
What is the remainder when 145040 is divided by 8530?
30
What is the remainder when 561691 is divided by 102?
79
Calculate the remainder when 12117703 is divided by 81.
22
Calculate the remainder when 299951 is divided by 930.
491
What is the remainder when 9480740 is divided by 364?
360
What is the remainder when 378495 is divided by 18010?
285
Calculate the remainder when 2126858 is divided by 70.
48
What is the remainder when 3882334 is divided by 125233?
111
Calculate the remainder when 2256665 is divided by 752212.
29
Calculate the remainder when 15777 is divided by 3673.
1085
Calculate the remainder when 32523221 is divided by 10841071.
8
What is the remainder when 767341 is divided by 945?
1
What is the remainder when 19198674 is divided by 171?
162
What is the remainder when 120015103 is divided by 704?
703
Calculate the remainder when 139656 is divided by 3579.
75
What is the remainder when 8511 is divided by 2821?
48
Calculate the remainder when 1199075 is divided by 25512.
11
Calculate the remainder when 9936259 is divided by 2454.
13
What is the remainder when 111658 is divided by 193?
104
What is the remainder when 564513 is divided by 282230?
53
What is the remainder when 2886327 is divided by 1357?
1345
Calculate the remainder when 10376613 is divided by 2075319.
18
What is the remainder when 31882 is divided by 213?
145
What is the remainder when 111075423 is divided by 15867917?
4
What is the remainder when 2700046 is divided by 2495?
456
Calculate the remainder when 4270375 is divided by 12.
7
What is the remainder when 78056 is divided by 12993?
98
What is the remainder when 135100 is divided by 108?
100
Calculate the remainder when 218016 is divided by 69734.
8814
Calculate the remainder when 446495 is divided by 1672.
71
Calculate the remainder when 3406809 is divided by 39.
3
What is the remainder when 4478944 is divided by 220?
184
Calculate the remainder when 36552300 is divided by 359.
356
Calculate